pose -3*j - 2*r - 2*r = -21, 5*r = j - 26. Let o = j + 12. List the prime factors of o.
23
Let t be 0/(1/((-1)/1)). Suppose -4*z - z + 40 = t. Suppose -z = 4*m, -m - 44 = -4*q + 14. What are the prime factors of q?
2, 7
Let o(d) = -2*d - 9. Let m be o(-7). Suppose b + 1 + 4 = 0, 0 = 5*g + 2*b - 5. Suppose -m*c + i + 51 = -i, g*i = 4*c - 45. What are the prime factors of c?
3
Suppose 8*u = 10*u - 3*t - 264, 3*u - t - 396 = 0. What are the prime factors of u?
2, 3, 11
Let c(i) = i + 13. What are the prime factors of c(11)?
2, 3
Suppose -t + 5*t - 24 = -3*k, -5*k = t - 57. List the prime factors of k.
2, 3
Let f(l) = -4*l + 14. What are the prime factors of f(-6)?
2, 19
Suppose 0 = 2*k - 2*b + 118, 3*k + 191 = -2*b + 9. Let r = 110 + k. What are the prime factors of (8/10)/(2/r)?
2, 5
Let v(h) = -h**2 + 11*h - 20. Let p be v(8). Suppose -q + 42 = -2*d, -d = p - 0. What are the prime factors of q?
2, 17
Suppose 0 = 3*p - 5 - 1. Suppose -2*d + 3 = -5*c + 4, -4*d + 38 = -p*c. What are the prime factors of d?
2, 3
Let d(z) = -22*z**3 + z**2 + z + 1. What are the prime factors of d(-1)?
23
Let q be 51/6 + 6/(-4). Let j(d) = -5*d**2 - q*d + d**2 + 3*d**2. List the prime factors of j(-3).
2, 3
Let y = 30 + 17. List the prime factors of y.
47
Let r(z) = z**2 + 2*z - 17. Let x be r(-6). Suppose -x*g + 4*g = -105. List the prime factors of g.
5, 7
Suppose 0 = a - 205 + 29. Suppose 0 = 4*v - 0*v - a. What are the prime factors of v?
2, 11
Let h = -1 - 1. Let y be -1 - (h + -3 - 1). Suppose 0 = -0*t - y*t + 70. What are the prime factors of t?
2, 7
Let j(l) = -2*l**3 + l**2. Let c be j(-1). Suppose 32 = 2*x - 3*y, 5*y = c*x - 42 - 7. What are the prime factors of x?
13
Suppose 3*l = 3*o + 30, 2*l = o + 3*o + 26. Suppose x = -x + 8. Let s = l - x. List the prime factors of s.
3
Let k(t) = t**2 - 5*t + 2. List the prime factors of k(7).
2
Let t = 7 - 1. Let r = 14 - -2. Suppose 0 = -2*v + t + r. What are the prime factors of v?
11
Suppose -91 = -4*a + 5*r, 122 = 5*a + 2*r - 0*r. List the prime factors of a.
2, 3
Let c(r) = r**3 - 5*r**2 + 5*r + 1. Let v be c(4). Suppose -37 = -v*w - g, 34 = w + 4*w + 2*g. What are the prime factors of w?
2
Suppose -3*p = -0*p - 195. Suppose 2*s - 80 = -2*s + 2*b, -3*s = b - p. What are the prime factors of s?
3, 7
Let t = 34 + -18. Suppose 5*p - 12 - 24 = -4*r, -3*p + t = r. What are the prime factors of p?
2
Let a(k) = -8*k**3 + k**2 - 2. Let b be a(-2). Suppose 5*g - b = 9. What are the prime factors of g?
3, 5
Let g(v) = 13*v**2 - 7*v - 5. List the prime factors of g(-3).
7, 19
Suppose -3*k = 3*n - 12, 3*n + 5*k - 14 = -0*k. Suppose 17 - 5 = n*a. List the prime factors of a.
2
Let b be 1/(1*(-1)/(-10)). Let w be (-4)/b + 184/10. Suppose n - 4*m + w = 0, 3*n - 1 = 5*n - m. What are the prime factors of n?
2
Suppose 0 = 4*v - 6 - 86. List the prime factors of v.
23
Let v be (-1)/(2/(200/(-4))). List the prime factors of 5/(-2)*(-20)/v.
2
Suppose 2*w = -5*r - 29 + 10, 2*r + 10 = 0. Let j(u) = -2*u**3 + 2*u + w + u**3 + 6*u**2 - 7. What are the prime factors of j(6)?
2
Suppose 2*m = 21 + 589. What are the prime factors of m?
5, 61
Let j(g) = g**2 - 6*g + 7. Let v be j(6). Let a = -12 + v. Let o = a + 7. List the prime factors of o.
2
Suppose 5*n - 2 = -4*f + 1, -9 = -4*f + n. Let h = 8 - f. What are the prime factors of h?
2, 3
Suppose 12 = 3*h - 12. List the prime factors of h.
2
Let h = 26 - 11. What are the prime factors of h?
3, 5
Suppose 9*v = 12*v - 180. List the prime factors of v.
2, 3, 5
Let y(j) = 9*j + 4. Let z be y(4). Suppose 48 = 5*s + 3*f, -z = -4*s + 3*f - 5*f. List the prime factors of s + ((-2)/2 - -1).
2, 3
Let h(y) = -y**2 + 10*y - 3. Suppose -5*d - 3*x + 65 = x, -2*d + 3 = -3*x. List the prime factors of h(d).
2, 3
Let s = -52 + 103. List the prime factors of s.
3, 17
Let o(p) = -p**2 + 12. What are the prime factors of o(0)?
2, 3
Suppose 0 = 4*x - f - 7 + 55, 2*f = x + 5. Let q = -8 - x. Suppose 2*l + 3 + 7 = 0, -i + q*l + 37 = 0. List the prime factors of i.
2, 3
Let j(o) = o**3 - 21*o**2 - 11*o + 46. What are the prime factors of j(22)?
2, 3
Suppose 8 = 3*h - 2*p, 0 = 6*h - 2*h + 2*p - 6. Suppose h*u - 36 = -2*j, 2*j = u - 3*j - 42. List the prime factors of u.
2, 11
Suppose -2*t = 3*n + 2*t - 383, 0 = n + 4*t - 133. What are the prime factors of n?
5
Suppose 0*t - t + 2 = 0. Suppose -t*x - 2*x = -44. What are the prime factors of x?
11
What are the prime factors of 634/12 - (-1)/6?
53
Suppose 7*h + 3*c = 3*h + 90, -2*c = -3*h + 76. Suppose -5*y + 4*y + 7 = 0. Let i = h - y. What are the prime factors of i?
17
Suppose 0 = -5*y + v + 31, -5*y - 3*v - 7 + 54 = 0. Let w = 6 + y. Let c = w + -2. What are the prime factors of c?
11
Suppose 2*g + 2*g - 5*o = 41, -4*o = -12. List the prime factors of ((-120)/70)/((-2)/g).
2, 3
Let x = 5 - 3. Suppose -g = 3*s - 6, 7*g + 4*s = x*g + 74. What are the prime factors of g?
2, 3
Let l be (-2 - -2*3)/(-1). Let r = 6 + l. What are the prime factors of r + 1 + -2 + 9?
2, 5
Let h = 9 - 2. Let t(n) = 7*n**3 - 7*n**2 - 7*n - 2. Let y(f) = 4*f**3 - 3*f**2 - 3*f - 1. Let p(w) = 3*t(w) - 5*y(w). List the prime factors of p(h).
2, 3
Let m be 1/(-2) + 21/(-6). Let g = m - -3. Let v = g + 3. List the prime factors of v.
2
Suppose -4*j = -92 - 36. List the prime factors of j.
2
Suppose -15 = 5*g - 0, 144 = 4*b - 4*g. List the prime factors of b.
3, 11
Let t(i) = -2*i**3 - 3*i**2 + 2*i - 2. Let w be t(-3). What are the prime factors of w/(1 + 0 + 0)?
19
Let m = -5 - -16. Suppose 0 = -4*v - 3*p + m, 4*v + 4*p = v + 10. What are the prime factors of (-11 + -1)/((-4)/v)?
2, 3
Suppose -g + 12 = -2*x, -g + 0*g + 11 = -x. Suppose 20 = -5*j - 0*j, -d = 3*j - g. What are the prime factors of d?
2, 11
Suppose 8 = 6*w - 5*w. List the prime factors of w/(-12)*189/(-6).
3, 7
Suppose -4*r + 224 = 4*d, 280 = -r + 6*r + 4*d. What are the prime factors of r?
2, 7
Let f be ((-347)/2)/((-1)/2). Let t = 230 - f. List the prime factors of (1/(-3))/(3/t).
13
Let h = -6 + 7. Suppose -4*k + h + 23 = 0. List the prime factors of k.
2, 3
Let o be 2/(-9) - 125/45. Let w = o - -5. Suppose 10 = w*h - 4. What are the prime factors of h?
7
Suppose -2*n - 98 = -2*o, 372 - 103 = 5*o + 3*n. List the prime factors of o.
2, 13
Let l(s) = s - 6. Let q be l(8). Let i be q*9/(-6) + 78. Suppose 5*n + 0*n = i. What are the prime factors of n?
3, 5
Let p be (0 - 1) + (7 - 4). Suppose -4*k - 2*y + 7*y - 9 = 0, 0 = p*k - 2*y + 2. Suppose -w + 45 = k*w. List the prime factors of w.
3
Let k(w) = -w**3 - 2*w**2 + 2*w - 1. Let x be k(-3). Suppose -2*g + x*c = -18, 0*c + 2*c + 8 = g. Let i = g + -3. What are the prime factors of i?
7
Let c(r) = -4*r - 55. List the prime factors of c(-16).
3
Let q(z) = -z**3 + 2*z**2 + 2. Let o be q(4). What are the prime factors of (-276)/o - (-1)/(-5)?
3
Let c(s) = s + 2. Let a be c(0). Suppose -a*i + 6 = -16. What are the prime factors of i?
11
Suppose -3*k + 75 = 2*k. Let j(w) = w**3 - 15*w**2 + w + 1. List the prime factors of j(k).
2
Let f be ((-1)/2)/(4/(-40)). Suppose 2*n + f*b = 74, 5*n + b = -8 + 147. What are the prime factors of n?
3
Suppose -258 = 21*f - 27*f. List the prime factors of f.
43
Let l(o) = o**2 + 7*o - 3. Let f be l(-4). Let z = f - -42. What are the prime factors of z?
3
What are the prime factors of -2*(-5)/(-20)*-506?
11, 23
Let v(q) = q**2 + 3*q - 4. Let o be v(-5). Suppose o*x + 12 = 9*x. List the prime factors of x.
2
Suppose -50*a + 51*a - 110 = 0. What are the prime factors of a?
2, 5, 11
Let l(g) = 3*g + 8. Let p be l(-6). Let c = -2 - p. What are the prime factors of c?
2
Let y(t) = 16*t - 3. List the prime factors of y(3).
3, 5
List the prime factors of (-398)/(-11) + -2*(-7)/(-77).
2, 3
Let w(m) = m**2 + 12*m + 7. What are the prime factors of w(-12)?
7
Let q = -42 + 124. Suppose u = -0*u + q. Suppose u = 3*h + 4*v, -94 = 4*h - 9*h + 4*v. What are the prime factors of h?
2, 11
Suppose 1060 = 5*z - 5*l, z + 2*l = 6*z - 1045. Suppose 5*k + 165 = 5*o, 3*k = -5*o - 26 + z. List the prime factors of o.
5, 7
Suppose 2*u = 54 + 48. List the prime factors of u.
3, 17
Let k(u) = u**3 + 2*u**2 - 2*u - 1. Let b be k(-4). Let y = 36 + b. Suppose -53 = -4*t + y. What are the prime factors of t?
2
Let x = 6 - -36. List the prime factors of x.
2, 3, 7
Suppose -w = -5*j